 + 9642. Give b(42).
-18
Let d(c) = -112*c**2 + 13443*c - 329. Give d(120).
31
Let l(i) = 7*i**3 + 24*i**2 + 127*i + 530. Determine l(-5).
-380
Let g(d) = -239*d + 1550. Determine g(-8).
3462
Let q(i) = 220*i**3 - i**2 - 780*i + 1566. What is q(2)?
1762
Let a(y) = -144971*y + 1014795. Calculate a(7).
-2
Let g(k) = 4869*k - 31367. Give g(6).
-2153
Let s(j) = -4358*j - 39197. Give s(-9).
25
Let y(l) = -4331*l + 4195. Calculate y(1).
-136
Let i(r) = -3125*r - 33385. Give i(-11).
990
Let v(u) = -2498*u - 26306. Give v(-11).
1172
Let f(k) = k**3 + 48*k**2 + 41*k + 1959. Give f(-48).
-9
Let q(d) = d**3 + 44*d**2 + 80*d + 750. Give q(-43).
-841
Let l(g) = -g**2 + 219*g + 42453. Calculate l(344).
-547
Let h(x) = 8044*x + 184997. Give h(-23).
-15
Let g(k) = 1143*k - 99903. Give g(87).
-462
Let g(i) = -i**3 - 81*i**2 + 69*i + 12029. Calculate g(-80).
109
Let d(n) = n**2 - 244*n - 30317. Calculate d(331).
-1520
Let o(b) = -b**2 + 1851*b - 11049. What is o(6)?
21
Let f(q) = q**3 - 19*q**2 - 147*q + 298. Determine f(25).
373
Let t(f) = f**2 - 471*f + 6835. Give t(15).
-5
Let q(m) = 3089*m + 1779248. Calculate q(-576).
-16
Let v(m) = 15737*m - 298955. What is v(19)?
48
Let d(u) = -18*u**2 - 259*u + 30. Give d(-7).
961
Let s(v) = v**3 + 140*v**2 - 7658*v - 2557. Calculate s(-182).
-9
Let y(h) = -1389*h - 446054. Determine y(-321).
-185
Let s(b) = 62*b**2 + 1166*b + 945. Calculate s(-18).
45
Let t(b) = 5*b**3 + 39*b**2 + 7049*b + 56469. Determine t(-8).
13
Let q(k) = -5*k**2 - 8635*k - 43070. What is q(-5)?
-20
Let i(w) = 141*w + 37136. Calculate i(-263).
53
Let l(s) = -2*s**2 - 4470*s - 127941. Give l(-29).
7
Let y(m) = 2*m**3 + 119*m**2 + 285*m - 48. Give y(-57).
-48
Let o(l) = -17352*l - 381697. Determine o(-22).
47
Let v(y) = 22423*y + 1547175. What is v(-69)?
-12
Let f(s) = -30*s + 349. Give f(-9).
619
Let l(y) = 5*y**2 + 1481*y - 111064. Determine l(62).
-22
Let s(c) = -8536*c - 188057. What is s(-22)?
-265
Let k(h) = h**2 - 491*h - 759640. What is k(-660)?
20
Let h(s) = 3*s**2 - 1057*s + 68326. Determine h(85).
156
Let q(b) = -b**3 - 27*b**2 + 106*b + 451. What is q(-31)?
1009
Let u(w) = -1727*w**2 - 89801*w + 145. Give u(-52).
-11
Let z(k) = -k**3 - 108*k**2 - 2842*k - 2082. What is z(-43)?
-61
Let a(r) = 548*r + 870. Calculate a(-1).
322
Let s(k) = -21*k**2 + 8378*k - 32793. Determine s(395).
-8
Let d(x) = -673*x**3 - x**2 + 242*x + 244. Give d(-1).
674
Let a(n) = 250*n - 25564. Determine a(102).
-64
Let h(u) = 32439*u + 128860. Calculate h(-4).
-896
Let z(u) = 2259*u - 35137. What is z(16)?
1007
Let g(m) = 143*m**2 - 326*m - 984. What is g(-3)?
1281
Let f(x) = 2782*x - 196146. Calculate f(71).
1376
Let a(x) = 20*x**3 + 191*x**2 + 134*x + 321. Give a(-9).
6
Let l(c) = 726*c**2 + 1905*c - 824. Give l(-3).
-5
Let r(t) = -2*t**3 - 38*t**2 + 5*t - 21. Give r(-7).
-1232
Let f(x) = -x**2 + 916*x - 181541. Give f(626).
-1
Let o(u) = -u**3 - 300*u**2 + 516*u - 26590. Determine o(-302).
-14
Let q(m) = -2221*m - 24449. Determine q(-11).
-18
Let x(m) = -2*m**3 - 48*m**2 + 26*m + 2457. What is x(-8)?
201
Let k(g) = 2*g**2 - 337*g + 4324. Calculate k(13).
281
Let a(s) = s**3 + 39*s**2 + 229*s - 124. Calculate a(-15).
1841
Let a(s) = 1749*s + 50098. Give a(-23).
9871
Let y(v) = -772*v + 7715. Calculate y(10).
-5
Let l(x) = 349*x**2 + 14*x - 2. Determine l(-1).
333
Let x(i) = -9*i**3 + 953*i**2 + 108*i + 22. What is x(106)?
234
Let j(o) = o**2 + 61*o - 43781. What is j(-242)?
21
Let g(f) = 3*f**3 - 15*f**2 + 758*f - 3770. What is g(5)?
20
Let b(a) = 1333*a**2 + 12155*a + 1415. Determine b(-9).
-7
Let a(g) = -36119*g**2 - 5201135*g + 151. Determine a(-144).
7
Let k(d) = 4*d**2 - 152*d + 1373. Calculate k(15).
-7
Let m(u) = 12*u**3 + 70*u**2 - 52*u - 399. Determine m(-5).
111
Let q(x) = 4111*x + 20617. Give q(-5).
62
Let q(h) = -10*h**2 - 389*h + 7397. Give q(14).
-9
Let v(x) = -4*x**3 + 799*x**2 + 198*x + 706. Calculate v(200).
306
Let c(g) = -9*g**3 + 7*g**2 - 977*g + 3893. What is c(4)?
-479
Let g(h) = 11*h + 1563. What is g(-141)?
12
Let o(w) = 46*w**2 - 365*w - 1544. Determine o(11).
7
Let o(w) = 7*w**2 - 582*w + 12221. What is o(39)?
170
Let z(w) = -2*w**3 + 148*w**2 - 2261*w + 414. Calculate z(21).
-321
Let n(g) = -2*g**3 + 20*g**2 + 1881*g - 13350. Determine n(7).
111
Let r(y) = 15*y**2 - 131*y - 253. Give r(-2).
69
Let f(z) = z**2 + 470*z + 45373. Give f(-334).
-51
Let u(v) = -v**2 + 919*v - 49166. Give u(57).
-32
Let x(v) = 33655*v + 7336791. Calculate x(-218).
1
Let y(j) = -j**3 - 189*j**2 - 1016*j - 17558. Determine y(-184).
106
Let n(h) = 6*h**3 + 702*h**2 - 708*h + 3. Give n(-118).
3
Let g(j) = 10*j**2 + 1451*j + 1864. Determine g(-144).
280
Let f(r) = 264*r - 5251. Calculate f(21).
293
Let z(m) = m**3 + 540*m**2 - 30155*m + 181. Give z(51).
-533
Let s(c) = -c**2 - 221*c + 23704. What is s(-300)?
4
Let w(g) = -18*g**3 + 56*g**2 + 209*g + 17. Calculate w(-4).
1229
Let v(l) = -9*l**2 - 26*l - 17. Give v(-13).
-1200
Let g(n) = -2*n**2 - 11662*n + 588195. Calculate g(50).
95
Let d(x) = -10*x**2 + 229*x + 2810. What is d(-9)?
-61
Let f(w) = -3*w**2 - 18*w + 1865. Give f(-28).
17
Let p(u) = 119*u**2 - 12969*u - 12968. Calculate p(-1).
120
Let h(t) = 278179*t - 11961699. Give h(43).
-2
Let a(x) = -10409*x - 41629. What is a(-4)?
7
Let a(b) = b**2 - 185*b + 6917. What is a(133)?
1
Let m(d) = 13830*d - 24382296. Determine m(1763).
-6
Let n(g) = 6*g**2 + 315*g + 2126. Calculate n(-45).
101
Let r(m) = -3*m**2 + 713*m + 6476. What is r(-9)?
-184
Let b(l) = 8*l**3 + 423*l**2 - 2139*l - 25. Calculate b(5).
855
Let o(a) = 295*a - 1371. Give o(7).
694
Let b(c) = -20*c**2 + 221*c + 1053. Calculate b(0).
1053
Let f(d) = -7916*d + 94971. Determine f(12).
-21
Let k(a) = -2*a**3 - 215*a**2 + 22652*a - 1919. What is k(-173)?
-16
Let x(c) = -104*c**2 - 4569*c + 4950. What is x(-45)?
-45
Let h(a) = a**2 - 8349*a + 464413. What is h(56)?
5
Let n(h) = -111*h - 1273. Determine n(-37).
2834
Let i(c) = c**3 - 48*c**2 + 9*c + 299. Give i(48).
731
Let v(t) = 12065*t**2 - 25782907*t + 4268. What is v(2137)?
-6
Let p(c) = 8*c**2 - 302*c - 406. Determine p(39).
-16
Let i(z) = -11*z**2 - 32*z + 144. Determine i(-6).
-60
Let r(v) = 254*v**3 - 765*v**2 + 36*v - 76. Give r(3).
5
Let j(a) = -10*a**3 + 1071*a**2 + 36*a - 15296. Determine j(107).
5
Let o(h) = -2*h**2 - 288*h + 4612. Calculate o(15).
-158
Let j(t) = -101*t**2 + 376*t - 1. What is j(4)?
-113
Let p(q) = 7232*q - 50568. Calculate p(7).
56
Let w(s) = -7*s + 70. Calculate w(-7).
119
Let n(w) = -2*w**3 + 1603*w**2 + 2472*w - 50593. Calculate n(803).
-4
Let z(b) = b**3 - 58*b**2 + 57*b - 19. Calculate z(57).
-19
Let c(w) = -3*w**2 + 27390*w - 1361997. Determine c(50).
3
Let l(r) = -5414*r + 75767. Determine l(14).
-29
Let r(i) = i**3 - 124*i**2 - 590*i + 86891. Give r(123).
-808
Let n(a) = -2636*a + 34246. Calculate n(13).
-22
Let y(a) = -799*a - 6358. What is y(-8)?
34
Let t(s) = 6631*s + 33570. Determine t(-5).
415
Let y(o) = 1524*o**2 - 5*o - 6. Calculate y(0).
-6
Let i(a) = 18633*a - 409923. What is i(22)?
3
Let l(m) = -m**2 + 17*m + 670. Calculate l(-20).
-70
Let u(g) = 151315*g - 20. What is u(0)?
-20
Let b(z) = z**3 + 14*z**2 + 10*z - 104. Determine b(6).
676
Let z(g) = 9*g**2 - 213*g + 843. Calculate z(5).
3
Let q(y) = 1259*y + 27667. Calculate q(-22).
-31
Let y(i) = 4376*i + 13139. Determine y(-3).
11
Let x(l) = -l**3 - 54*l**2 - 255*l + 1345. Give x(-48).
-239
Let v(n) = 161*n + 263. Calculate v(-6).
-703
Let f(r) = 3*r**3 + 11*r**2 - 33*r - 125. Determine f(-8).
-693
Let h(l) = l**3 + 27*l**2 + 159*l - 315. Determine h(-12).
-63
Let r(s) = 5*s**2 - 959*s + 43518. Calculate r(118).
-24
Let u(s) = 317912*s + 317912. Give u(-1).
0
Let r(l) = -2*l**2 - 1153*l + 18883. Calculate r(16).
-77
Let u(l) = -26497*l - 132257. What is u(-5)?
228
Let n(j) = j**3 - 204*j**2 + 1912*j + 5571. Determine n(194).
139
Let g(p) = 2*p**3 - 232*p**2 + 279*p + 45099. Give g(113).
12
Let x(h) = -299*h**3 + 3*h**2 + 30*h - 32. Determine x(1).
-298
Let g(k) = k**3 - 55*k**2 - 108*k + 6053. Determine g(55).
113
Let k(b) = -1119*b**2 - 6001*b - 2019. Calculate k(-5).
11
Let g(b) = -25*b**2 + 111*b + 7772. Determine g(20).
-8
Let z(v) = 8*v**3 - 273*v**2 + 60*v - 890. Give z(34).
-6
Let g(l) = -113134*l - 2036408. Give g(-18).
4
Let p(k) = -540*k**2